tive of 0*x + 1/12*x**5 + 1/120*x**6 + 1/8*x**4 + 0 - 4*x**2 - 1/6*x**3. Calculate t(r).
3
Let n(s) = 3*s**3 + 3*s**2 - 2*s + 25. Let r(b) = 4*b**3 + 4*b**2 - 3*b + 25. Let u(i) = -3*n(i) + 2*r(i). Calculate u(0).
-25
Let f(u) = -u - 1. Suppose 4*c = -5*m + 1, 0 = -4*c - 0*c + 3*m - 39. Determine f(c).
5
Suppose -1 = 3*h + l, h + 5*l + 2 = -3. Let x(g) = -g**3 + g**2 + 4. Calculate x(h).
4
Let t be (-3)/(7/(-2) - -2). Let q(s) = 6*s**2 - t + 1 - 3*s**2 + s. Let d = 68 - 70. Determine q(d).
9
Let g(j) = 6*j - 7. Let s = -145 - -152. Give g(s).
35
Let m(v) = 6*v + 1. Suppose -9 = 3*q - 3*s, 4*q = 2*s - 0 - 10. Let z be -3 - (q + 0) - -4. Let d = 4 - z. Determine m(d).
7
Let l = 16 + -8. Let i(z) = -z + 10*z - 5 - 1 - l*z. Calculate i(4).
-2
Let a(v) be the first derivative of 1/2*v**2 - 1/4*v**4 - 1 + 0*v + 1/3*v**3. Determine a(1).
1
Let i(r) be the first derivative of -r**4/12 + r**3/6 + 2*r**2 - 5*r - 3. Let b(l) be the first derivative of i(l). Calculate b(0).
4
Let y(t) = 3*t**3 + 3*t**2 + 2*t + 3. Suppose -5*f - 6 = 3*l - 5*l, 3*f + 12 = -3*l. What is y(f)?
-13
Let u(y) = -3*y**3 + 3*y**2 - 4*y + 2. Let s(x) = 4*x**3 - 2*x**2 + 3*x - 3. Let z(o) = -2*s(o) - 3*u(o). Give z(4).
8
Let a(l) = 1 + 8*l**2 + 3*l - 3*l. Let g be (4 + 65/(-15))*3. Give a(g).
9
Let l(v) be the second derivative of v**5/20 + v**4/3 + 2*v**2 - 8*v. What is l(-4)?
4
Let r be (-8)/6 - 30/(-9). Let a(c) = -4*c**2 - 1 + 2*c + 2 - r. Give a(2).
-13
Let r(z) = z**3 + 10*z**2 + 5. Let y be r(-10). Suppose -3*i + 11 = 4*f - 6*i, -f = -y*i - 24. Let q(a) = -11*a - 1. Give q(f).
10
Let o(i) be the first derivative of -i**4/4 - 7*i**3/3 - 3*i**2 + i + 2. Suppose 2*n + 6 = 0, -3*f - 12 = -2*n - 0*n. Calculate o(f).
1
Let g(y) = 1 - 2*y + 8*y - y - 8*y**2 - 9 - y**3. Let m(u) = -2*u**3 - 9*u**2 + 4*u - 9. Let c(s) = -3*g(s) + 2*m(s). Give c(4).
10
Let m be -3 + 4/1 + 1. Suppose -m*d = d. Let g(y) = -3 + y - 6 + 3 - y**2. Give g(d).
-6
Let i be 32/(-6) - (-3)/9. Let h be (-4)/10 + (-7)/i. Let v(d) = 8*d - 4*d + d. What is v(h)?
5
Let i(a) = a**3 + 4*a**2 + 4*a + 2. Let s = -16 + 13. What is i(s)?
-1
Let w(q) = q**3 - q. Let b = -2 - -4. What is w(b)?
6
Let z(u) be the first derivative of 3*u**2 - u - 2. Determine z(-2).
-13
Suppose -2*b - 5*t = 3 - 12, -13 = -4*b - 5*t. Suppose 0 = -b*g - 4*x, -2*g + 4*x + 30 = g. Let w(z) = g - 2*z - 6. Calculate w(1).
-2
Suppose 4*n - 4*j + 8 = 0, -2*n - 4*j - j + 31 = 0. Suppose x = 3, -n*m + 8 + 7 = 2*x. Let h(y) = y**3 - 3*y**2 - 2*y + 2. Determine h(m).
-4
Let c(o) = 5 + o + 10 - 14 - 2*o. What is c(3)?
-2
Suppose 2*t = -0 + 8. Let p(b) be the second derivative of -b**5/20 + b**4/3 - b**3/3 - 19*b. Determine p(t).
-8
Suppose x - 3*x + 5*f = -16, 4*x - 10 = -f. Let u(c) = c - 2. What is u(x)?
1
Suppose -2*c + 27 + 3 = 0. Suppose c + 0 = 5*h, 7 = 2*a + h. Let x(m) = -2*m - 1 - 1 + 0*m**2 + 2*m**a. Calculate x(2).
2
Let b = -109 + 113. Let g(y) = y**3 - 5*y**2 + 3*y - 3. What is g(b)?
-7
Let x be 0 + 3/(6/8). Let u(k) = 0 + 2 + 3*k**2 + x*k - 2*k**3 + k - 6*k. What is u(2)?
-4
Let c be (-1)/(-2) - (-10)/(-4). Let x = 0 - -2. Let k(a) = 0 + 2 - x*a + 0*a - 3*a**2 + 0*a. Give k(c).
-6
Let g = 1 - -17. Suppose 0 = -2*j + u - 8, -3*j + 5*u - 2*u - g = 0. Let y be (-5)/j*(-6)/5. Let o(n) = 2*n + 3. Give o(y).
-3
Let a(d) = d**2 + 8*d - 3. Let h be a(-6). Suppose -4*t = -41 + 1. Let l be h/t*(-10)/3. Let n(q) = q. Give n(l).
5
Let l(n) = n**2 - 4*n + 2. Let k be ((-7)/4 - 0)*-4. Suppose -2*v + 1 = -k. Give l(v).
2
Let i(z) = -10*z**3 - 12*z**2 - 10*z + 12. Let r(d) = 4*d**3 + 5*d**2 + 4*d - 5. Let l(t) = 5*i(t) + 12*r(t). Determine l(-2).
20
Let i = 4 + -1. Let a(m) = m**2 - 6*m**2 - 4*m + m**2 - 2 - m**i + 2*m. Calculate a(-3).
-5
Let s(m) = -m**2 + 4. Suppose -5 = -4*t - 1. Suppose 0 = 5*x - 0*i + 4*i + 7, 3*x + t = -4*i. What is s(x)?
-5
Let w(j) = 12*j**3 + j - 1. Let s be (-2 - -17) + 6/(-2). Let n = s - 11. Determine w(n).
12
Let t(b) be the third derivative of 0*b + 1/6*b**3 + 8*b**2 + 1/12*b**4 + 11/120*b**6 + 1/60*b**5 + 0. Calculate t(-1).
-11
Let s(j) = 2*j - 7. Let c(w) be the second derivative of 1/6*w**3 - 3*w - 2*w**2 + 0. Let a(g) = 5*c(g) - 3*s(g). Calculate a(4).
-3
Let o(w) = w**2 + 10*w + 10. Suppose -2*x = 4*u + 4, -2*x + 46 = -7*x + 2*u. Give o(x).
-6
Let q(r) = r**3 - 5*r**2 - 6*r - 3. Suppose 0 = -2*j + 3*y + 4, -4*j = 2*y - 3 - 5. Suppose -3*f - 4*l + 4 = -j, 3*f - 4*l - 30 = 0. What is q(f)?
-3
Let l(y) = 9*y**2 + 3 - 10*y + 5*y**2 - 7*y. Let d(j) = 5*j**2 - 6*j + 1. Suppose 3*o - 31 = 5*b, 5*o + 1 = 3*b + 10. Let m(h) = b*d(h) + 3*l(h). Give m(2).
3
Let k = -7 + 11. Let i be (-3)/(-4) - k/(-16). Let d(u) be the third derivative of u**6/120 - u**5/60 - u**2. Calculate d(i).
0
Let z(u) = -3*u**2 - 3*u - 1. Let a(j) = -7*j**2 - 6*j - 3. Let s(t) = -2*a(t) + 5*z(t). Calculate s(-5).
-9
Let d(g) = -g**3 + 5*g**2 + 2*g + 3. Let s = 4 - 0. Let r be -10*2*(-1)/s. What is d(r)?
13
Let s(t) = 1 - 4 + 2 + 5*t - t**2. Let v be s(5). Let f(u) = -u**2 - u. Calculate f(v).
0
Let p(t) = -t**3 - 4*t**2 - 5. Let n be p(-5). Suppose 0 = -5*v - 3*w + 25, n = 4*w - 0. Let q(a) = a**3 - 3*a**2 + 2*a - 1. What is q(v)?
-1
Suppose j + 2*j = 0. Let s(i) = -i + 5. What is s(j)?
5
Let i(s) be the first derivative of -10*s**3/3 + s - 27. Determine i(-1).
-9
Suppose -4*n + 0*j = 2*j + 40, n + 3*j + 10 = 0. Let y = -4 - n. Let u(g) = g**2 - 7*g. Let z be u(y). Let t(k) = -k**3 - 7*k**2 - 8*k - 9. Calculate t(z).
3
Let f(i) = -i. Let u(p) = 2*p - 6. Let l(j) = -f(j) - u(j). What is l(0)?
6
Let h(r) = 4*r - 5. Let b be ((12/14)/1)/(15/105). Calculate h(b).
19
Suppose 2*t = 14 - 2. Let a(d) = 4*d + 3 + 2*d - t. Suppose 2*k + 4*j = -16, j + 17 = k - 2*j. Determine a(k).
9
Let i(o) = 3*o - 9 + 7 - 4*o. What is i(5)?
-7
Let a(d) be the second derivative of -d**4/6 + d**2/2 - 17*d. Let y = -1 - -3. Give a(y).
-7
Let y(d) = -2*d**2 + 23*d - 21. Let h(q) = -q**2 + 12*q - 11. Let i(b) = 5*h(b) - 3*y(b). Give i(6).
-10
Suppose 3*k = 4 + 5. Let q(h) = 2*h + 0*h - 3*h + h**2 - k*h + 6. Calculate q(4).
6
Let s(r) = 4*r**2 - 3*r - 5*r**2 + 1 + 5*r. Let j be (-6 + 2)*(-2)/4. What is s(j)?
1
Let m be -2 + 0/(2 + 0). Let w(h) = 4*h**3 + 3*h**2 + 6*h + 2. Let q(s) = -9*s**3 - 6*s**2 - 13*s - 4. Let n(g) = 3*q(g) + 7*w(g). What is n(m)?
0
Let c(d) = -d**3 + 2*d**2 + 3*d - 3. Let b(n) = n**2 + 4*n - 1. Let k be b(-4). Suppose g = 0, g + 2 = -5*x - 3. Let s be 2 + (-1)/x + k. Determine c(s).
3
Let y be 104 - (2 + 6/(-2)). Let m = -57 + y. Let i be 3/(-9) + m/9. Let c(q) = q**3 - 5*q**2 + q - 3. Calculate c(i).
2
Suppose i + 7 = -3. Let y = 6 + i. Let b(l) = 4 - 2*l - 1 + 1. Calculate b(y).
12
Let x(k) = -k**3 - k**2 + 3. Let d(u) = -u**3 - 2*u**2 + 4. Let j(r) = -4*d(r) + 3*x(r). Let t be 1 - 5*6/5. What is j(t)?
-7
Let v be (3 - 21)*((-64)/12 - -5). Let r(m) = -m + 5. Determine r(v).
-1
Let r(f) = -f**3 - 7*f**2 + 1. Let g(c) = 3*c**3 + 20*c**2 - 3. Let w(a) = -6*g(a) - 17*r(a). Give w(1).
-1
Let q(l) = -2*l + 4. Suppose -3*i = -3, 4 - 49 = -2*p - 5*i. Let c = p - 17. What is q(c)?
-2
Let b(z) be the first derivative of z**3/3 + 5*z**2/2 + 4*z + 5. Calculate b(-3).
-2
Let k(t) be the first derivative of -4/3*t**3 + t - 1/4*t**4 + 5 - 3/2*t**2. Give k(-3).
1
Let i = -2 - -2. Let z(x) be the third derivative of -x**6/120 + x**4/24 + x**3/2 + 8*x**2. Determine z(i).
3
Let k = 83 + -79. Let f(l) = l - 6. What is f(k)?
-2
Suppose 0 = -2*k - 20 + 8. Let z(r) = -r**3 - 5*r**2 + 7*r - 6. What is z(k)?
-12
Suppose -5*h = -10*h. Let w = 4 + h. Let g(a) = a**3 - 4*a**2 - 1. What is g(w)?
-1
Let a(x) be the second derivative of x**5/60 - x**4/6 - x**3/3 - 3*x**2/2 - 8*x. Let y(i) be the first derivative of a(i). What is y(4)?
-2
Let s be (0 - 6/2) + 21. Let g = s - 28. Let h be 1*5/(g/4). Let p(r) = -6*r - 1. What is p(h)?
11
Let z(c) = -2*c + 7. Let b(q) = -3*q + 13. Suppose -2*n + 9 = 1. Let f(y) = n*b(y) - 7*z(y). Let s be (2 + 5/(-2))*4. Give f(s).
-1
Let h(r) = -2*r + 6. Let v be h(0). Let o(p) = 2*p - 2. What is o(v)?
10
Let s(o) be the second derivative of o**7/2520 - o**6/144 + o**5/120 - o**4/2 + 6*o. Let n(l) be the third derivative of s(l). What is n(4)?
-3
Let h(v) be the first derivative of v**3/3 + v**2 - 3*v - 61. Let o(u) = -u**2 - 4*u + 2. Let m be o(-5). Determine